{"id":1024,"date":"2023-06-18T11:35:22","date_gmt":"2023-06-18T14:35:22","guid":{"rendered":"https:\/\/analugallotti.com.br\/?page_id=1024"},"modified":"2023-06-18T11:37:20","modified_gmt":"2023-06-18T14:37:20","slug":"sobre-mim-2","status":"publish","type":"page","link":"https:\/\/analugallotti.com.br\/?page_id=1024","title":{"rendered":"Sobre mim"},"content":{"rendered":"\t\t<div data-elementor-type=\"wp-page\" data-elementor-id=\"1024\" class=\"elementor elementor-1024\">\n\t\t\t\t\t\t\t\t\t<section class=\"elementor-section elementor-top-section elementor-element elementor-element-875cc3a elementor-section-boxed elementor-section-height-default elementor-section-height-default\" data-id=\"875cc3a\" data-element_type=\"section\">\n\t\t\t\t\t\t<div class=\"elementor-container elementor-column-gap-default\">\n\t\t\t\t\t<div class=\"elementor-column elementor-col-100 elementor-top-column elementor-element elementor-element-0473b91\" data-id=\"0473b91\" data-element_type=\"column\">\n\t\t\t<div class=\"elementor-widget-wrap elementor-element-populated\">\n\t\t\t\t\t\t\t\t<div class=\"elementor-element elementor-element-b1e75be elementor-widget elementor-widget-heading\" data-id=\"b1e75be\" data-element_type=\"widget\" data-widget_type=\"heading.default\">\n\t\t\t\t<div class=\"elementor-widget-container\">\n\t\t\t<style>\/*! elementor - v3.12.1 - 02-04-2023 *\/\n.elementor-heading-title{padding:0;margin:0;line-height:1}.elementor-widget-heading .elementor-heading-title[class*=elementor-size-]>a{color:inherit;font-size:inherit;line-height:inherit}.elementor-widget-heading .elementor-heading-title.elementor-size-small{font-size:15px}.elementor-widget-heading .elementor-heading-title.elementor-size-medium{font-size:19px}.elementor-widget-heading .elementor-heading-title.elementor-size-large{font-size:29px}.elementor-widget-heading .elementor-heading-title.elementor-size-xl{font-size:39px}.elementor-widget-heading .elementor-heading-title.elementor-size-xxl{font-size:59px}<\/style><h2 class=\"elementor-heading-title elementor-size-default\">Sobre mim<\/h2>\t\t<\/div>\n\t\t\t\t<\/div>\n\t\t\t\t\t<\/div>\n\t\t<\/div>\n\t\t\t\t\t\t\t<\/div>\n\t\t<\/section>\n\t\t\t\t<section class=\"elementor-section elementor-top-section elementor-element elementor-element-bde494c elementor-section-boxed elementor-section-height-default elementor-section-height-default\" data-id=\"bde494c\" data-element_type=\"section\">\n\t\t\t\t\t\t<div class=\"elementor-container elementor-column-gap-default\">\n\t\t\t\t\t<div class=\"elementor-column elementor-col-50 elementor-top-column elementor-element elementor-element-4ebd431\" data-id=\"4ebd431\" data-element_type=\"column\">\n\t\t\t<div class=\"elementor-widget-wrap elementor-element-populated\">\n\t\t\t\t\t\t\t\t<div class=\"elementor-element elementor-element-da3a372 elementor-widget elementor-widget-image\" data-id=\"da3a372\" data-element_type=\"widget\" data-widget_type=\"image.default\">\n\t\t\t\t<div class=\"elementor-widget-container\">\n\t\t\t<style>\/*! elementor - v3.12.1 - 02-04-2023 *\/\n.elementor-widget-image{text-align:center}.elementor-widget-image a{display:inline-block}.elementor-widget-image a img[src$=\".svg\"]{width:48px}.elementor-widget-image img{vertical-align:middle;display:inline-block}<\/style>\t\t\t\t\t\t\t\t\t\t\t\t<img decoding=\"async\" width=\"807\" height=\"1024\" src=\"https:\/\/analugallotti.com.br\/wp-content\/uploads\/2023\/05\/foto2-807x1024.png\" class=\"attachment-large size-large wp-image-931\" alt=\"\" loading=\"lazy\" srcset=\"https:\/\/analugallotti.com.br\/wp-content\/uploads\/2023\/05\/foto2-807x1024.png 807w, https:\/\/analugallotti.com.br\/wp-content\/uploads\/2023\/05\/foto2-237x300.png 237w, https:\/\/analugallotti.com.br\/wp-content\/uploads\/2023\/05\/foto2-768x974.png 768w, https:\/\/analugallotti.com.br\/wp-content\/uploads\/2023\/05\/foto2-1211x1536.png 1211w, https:\/\/analugallotti.com.br\/wp-content\/uploads\/2023\/05\/foto2.png 1514w\" sizes=\"(max-width: 807px) 100vw, 807px\" \/>\t\t\t\t\t\t\t\t\t\t\t\t\t\t\t<\/div>\n\t\t\t\t<\/div>\n\t\t\t\t\t<\/div>\n\t\t<\/div>\n\t\t\t\t<div class=\"elementor-column elementor-col-50 elementor-top-column elementor-element elementor-element-834da73\" data-id=\"834da73\" data-element_type=\"column\">\n\t\t\t<div class=\"elementor-widget-wrap elementor-element-populated\">\n\t\t\t\t\t\t\t\t<div class=\"elementor-element elementor-element-5bb9465 elementor-widget elementor-widget-text-editor\" data-id=\"5bb9465\" data-element_type=\"widget\" data-widget_type=\"text-editor.default\">\n\t\t\t\t<div class=\"elementor-widget-container\">\n\t\t\t<style>\/*! elementor - v3.12.1 - 02-04-2023 *\/\n.elementor-widget-text-editor.elementor-drop-cap-view-stacked .elementor-drop-cap{background-color:#69727d;color:#fff}.elementor-widget-text-editor.elementor-drop-cap-view-framed .elementor-drop-cap{color:#69727d;border:3px solid;background-color:transparent}.elementor-widget-text-editor:not(.elementor-drop-cap-view-default) .elementor-drop-cap{margin-top:8px}.elementor-widget-text-editor:not(.elementor-drop-cap-view-default) .elementor-drop-cap-letter{width:1em;height:1em}.elementor-widget-text-editor .elementor-drop-cap{float:left;text-align:center;line-height:1;font-size:50px}.elementor-widget-text-editor .elementor-drop-cap-letter{display:inline-block}<\/style>\t\t\t\t<p><strong>Analu Gallotti &#8211; CRP 08\/34865<\/strong><\/p><p>Eu sou Analu Gallotti, psic\u00f3loga cl\u00ednica e meu objetivo \u00e9 ajudar meus pacientes a desenvolver um senso de prop\u00f3sito e significado em suas vidas, bem como a encontrar alegria e satisfa\u00e7\u00e3o em suas experi\u00eancias di\u00e1rias.<\/p><p>No processo terap\u00eautico, busco ajudar meus pacientes a identificar e cultivar suas for\u00e7as pessoais, aumentar a autoestima e autoconfian\u00e7a, criar relacionamentos mais positivos e realizar mudan\u00e7as duradouras no estilo de vida.<\/p><p>Minha pr\u00e1tica cl\u00ednica inclui tratamento de transtornos de ansiedade, depress\u00e3o, transtornos alimentares, traumas e dificuldades de relacionamento. Al\u00e9m disso, ofere\u00e7o aconselhamento de carreira para ajud\u00e1-lo a encontrar um sentido em sua vida profissional.<\/p><p>Adoto as abordagens da terapia cognitivo-comportamental, psicologia positiva e terapias contextuais e adapto meu m\u00e9todo \u00e0s necessidades \u00fanicas de cada paciente. Cada sess\u00e3o de terapia \u00e9 personalizada de acordo com o seu contexto e suas necessidades espec\u00edficas.<\/p><p>Se voc\u00ea est\u00e1 procurando uma abordagem personalizada para sua sa\u00fade mental, entre em contato comigo para agendar uma consulta. Juntos podemos trabalhar para ajud\u00e1-lo a alcan\u00e7ar a satisfa\u00e7\u00e3o pessoal e melhorar sua qualidade de vida.<\/p>\t\t\t\t\t\t<\/div>\n\t\t\t\t<\/div>\n\t\t\t\t\t<\/div>\n\t\t<\/div>\n\t\t\t\t\t\t\t<\/div>\n\t\t<\/section>\n\t\t\t\t\t\t\t<\/div>\n\t\t","protected":false},"excerpt":{"rendered":"<p>Sobre mim Analu Gallotti &#8211; CRP 08\/34865 Eu sou Analu Gallotti, psic\u00f3loga cl\u00ednica e meu objetivo \u00e9 ajudar meus pacientes a desenvolver um senso de prop\u00f3sito e significado em suas vidas, bem como a encontrar alegria e satisfa\u00e7\u00e3o em suas experi\u00eancias di\u00e1rias. No processo terap\u00eautico, busco ajudar meus pacientes a identificar e cultivar suas for\u00e7as &hellip;<\/p>\n<p class=\"read-more\"> <a class=\"\" href=\"https:\/\/analugallotti.com.br\/?page_id=1024\"> <span class=\"screen-reader-text\">Sobre mim<\/span> Leia mais &raquo;<\/a><\/p>\n","protected":false},"author":1,"featured_media":0,"parent":0,"menu_order":0,"comment_status":"closed","ping_status":"closed","template":"","meta":{"_uag_custom_page_level_css":"","site-sidebar-layout":"no-sidebar","site-content-layout":"page-builder","ast-global-header-display":"","ast-main-header-display":"","ast-hfb-above-header-display":"","ast-hfb-below-header-display":"","ast-hfb-mobile-header-display":"","site-post-title":"disabled","ast-breadcrumbs-content":"","ast-featured-img":"disabled","footer-sml-layout":"","theme-transparent-header-meta":"","adv-header-id-meta":"","stick-header-meta":"","header-above-stick-meta":"","header-main-stick-meta":"","header-below-stick-meta":""},"uagb_featured_image_src":{"full":false,"thumbnail":false,"medium":false,"medium_large":false,"large":false,"1536x1536":false,"2048x2048":false},"uagb_author_info":{"display_name":"mgsolucoescriativas@gmail.com","author_link":"https:\/\/analugallotti.com.br\/?author=1"},"uagb_comment_info":0,"uagb_excerpt":"Sobre mim Analu Gallotti &#8211; CRP 08\/34865 Eu sou Analu Gallotti, psic\u00f3loga cl\u00ednica e meu objetivo \u00e9 ajudar meus pacientes a desenvolver um senso de prop\u00f3sito e significado em suas vidas, bem como a encontrar alegria e satisfa\u00e7\u00e3o em suas experi\u00eancias di\u00e1rias. No processo terap\u00eautico, busco ajudar meus pacientes a identificar e cultivar suas for\u00e7as&hellip;","_links":{"self":[{"href":"https:\/\/analugallotti.com.br\/index.php?rest_route=\/wp\/v2\/pages\/1024"}],"collection":[{"href":"https:\/\/analugallotti.com.br\/index.php?rest_route=\/wp\/v2\/pages"}],"about":[{"href":"https:\/\/analugallotti.com.br\/index.php?rest_route=\/wp\/v2\/types\/page"}],"author":[{"embeddable":true,"href":"https:\/\/analugallotti.com.br\/index.php?rest_route=\/wp\/v2\/users\/1"}],"replies":[{"embeddable":true,"href":"https:\/\/analugallotti.com.br\/index.php?rest_route=%2Fwp%2Fv2%2Fcomments&post=1024"}],"version-history":[{"count":7,"href":"https:\/\/analugallotti.com.br\/index.php?rest_route=\/wp\/v2\/pages\/1024\/revisions"}],"predecessor-version":[{"id":1031,"href":"https:\/\/analugallotti.com.br\/index.php?rest_route=\/wp\/v2\/pages\/1024\/revisions\/1031"}],"wp:attachment":[{"href":"https:\/\/analugallotti.com.br\/index.php?rest_route=%2Fwp%2Fv2%2Fmedia&parent=1024"}],"curies":[{"name":"wp","href":"https:\/\/api.w.org\/{rel}","templated":true}]}}