{"id":910,"date":"2023-04-19T10:34:24","date_gmt":"2023-04-19T13:34:24","guid":{"rendered":"https:\/\/analugallotti.com.br\/?page_id=910"},"modified":"2023-05-31T08:03:08","modified_gmt":"2023-05-31T11:03:08","slug":"terapia-com-adolescentes","status":"publish","type":"page","link":"https:\/\/analugallotti.com.br\/?page_id=910","title":{"rendered":"Terapia com Adolescentes"},"content":{"rendered":"\t\t<div data-elementor-type=\"wp-page\" data-elementor-id=\"910\" class=\"elementor elementor-910\">\n\t\t\t\t\t\t\t\t\t<section class=\"elementor-section elementor-top-section elementor-element elementor-element-bea533e elementor-section-boxed elementor-section-height-default elementor-section-height-default\" data-id=\"bea533e\" data-element_type=\"section\">\n\t\t\t\t\t\t<div class=\"elementor-container elementor-column-gap-default\">\n\t\t\t\t\t<div class=\"elementor-column elementor-col-100 elementor-top-column elementor-element elementor-element-b5d979c\" data-id=\"b5d979c\" data-element_type=\"column\">\n\t\t\t<div class=\"elementor-widget-wrap elementor-element-populated\">\n\t\t\t\t\t\t\t\t<div class=\"elementor-element elementor-element-0670852 elementor-widget elementor-widget-heading\" data-id=\"0670852\" data-element_type=\"widget\" data-widget_type=\"heading.default\">\n\t\t\t\t<div class=\"elementor-widget-container\">\n\t\t\t<style>\/*! elementor - v3.12.1 - 02-04-2023 *\/\n.elementor-heading-title{padding:0;margin:0;line-height:1}.elementor-widget-heading .elementor-heading-title[class*=elementor-size-]>a{color:inherit;font-size:inherit;line-height:inherit}.elementor-widget-heading .elementor-heading-title.elementor-size-small{font-size:15px}.elementor-widget-heading .elementor-heading-title.elementor-size-medium{font-size:19px}.elementor-widget-heading .elementor-heading-title.elementor-size-large{font-size:29px}.elementor-widget-heading .elementor-heading-title.elementor-size-xl{font-size:39px}.elementor-widget-heading .elementor-heading-title.elementor-size-xxl{font-size:59px}<\/style><h3 class=\"elementor-heading-title elementor-size-default\">Terapia com Adolescentes<\/h3>\t\t<\/div>\n\t\t\t\t<\/div>\n\t\t\t\t\t<\/div>\n\t\t<\/div>\n\t\t\t\t\t\t\t<\/div>\n\t\t<\/section>\n\t\t\t\t<section class=\"elementor-section elementor-top-section elementor-element elementor-element-798be38 elementor-section-boxed elementor-section-height-default elementor-section-height-default\" data-id=\"798be38\" data-element_type=\"section\">\n\t\t\t\t\t\t<div class=\"elementor-container elementor-column-gap-default\">\n\t\t\t\t\t<div class=\"elementor-column elementor-col-50 elementor-top-column elementor-element elementor-element-9144b9d\" data-id=\"9144b9d\" data-element_type=\"column\">\n\t\t\t<div class=\"elementor-widget-wrap elementor-element-populated\">\n\t\t\t\t\t\t\t\t<div class=\"elementor-element elementor-element-c59d569 elementor-widget elementor-widget-text-editor\" data-id=\"c59d569\" data-element_type=\"widget\" data-widget_type=\"text-editor.default\">\n\t\t\t\t<div class=\"elementor-widget-container\">\n\t\t\t<style>\/*! elementor - v3.12.1 - 02-04-2023 *\/\n.elementor-widget-text-editor.elementor-drop-cap-view-stacked .elementor-drop-cap{background-color:#69727d;color:#fff}.elementor-widget-text-editor.elementor-drop-cap-view-framed .elementor-drop-cap{color:#69727d;border:3px solid;background-color:transparent}.elementor-widget-text-editor:not(.elementor-drop-cap-view-default) .elementor-drop-cap{margin-top:8px}.elementor-widget-text-editor:not(.elementor-drop-cap-view-default) .elementor-drop-cap-letter{width:1em;height:1em}.elementor-widget-text-editor .elementor-drop-cap{float:left;text-align:center;line-height:1;font-size:50px}.elementor-widget-text-editor .elementor-drop-cap-letter{display:inline-block}<\/style>\t\t\t\t<p>Durante a adolesc\u00eancia, os jovens enfrentam uma s\u00e9rie de desafios emocionais, como a press\u00e3o social, a busca pela identidade, as mudan\u00e7as f\u00edsicas e hormonais, al\u00e9m das preocupa\u00e7\u00f5es relacionadas \u00e0 escola, fam\u00edlia e futuro. Nesse sentido, a terapia torna-se uma ferramenta valiosa para auxiliar no desenvolvimento emocional e no enfrentamento dos obst\u00e1culos dessa fase da vida. O terapeuta compreende as particularidades e as quest\u00f5es \u00fanicas enfrentadas pelos adolescentes, proporcionando um espa\u00e7o seguro e confidencial para que eles possam expressar seus pensamentos, sentimentos e preocupa\u00e7\u00f5es. <\/p><p>A terapia ajuda os adolescentes a desenvolver habilidades de autoconhecimento, a lidar com o estresse, a melhorar a autoestima e a construir relacionamentos saud\u00e1veis. Com o apoio adequado, os adolescentes podem encontrar caminhos positivos para o crescimento pessoal e emocional, construindo bases s\u00f3lidas para um futuro promissor.<\/p>\t\t\t\t\t\t<\/div>\n\t\t\t\t<\/div>\n\t\t\t\t\t<\/div>\n\t\t<\/div>\n\t\t\t\t<div class=\"elementor-column elementor-col-50 elementor-top-column elementor-element elementor-element-3abda2b\" data-id=\"3abda2b\" data-element_type=\"column\">\n\t\t\t<div class=\"elementor-widget-wrap elementor-element-populated\">\n\t\t\t\t\t\t\t\t<div class=\"elementor-element elementor-element-1f96b86 elementor-widget elementor-widget-image\" data-id=\"1f96b86\" data-element_type=\"widget\" data-widget_type=\"image.default\">\n\t\t\t\t<div class=\"elementor-widget-container\">\n\t\t\t<style>\/*! elementor - v3.12.1 - 02-04-2023 *\/\n.elementor-widget-image{text-align:center}.elementor-widget-image a{display:inline-block}.elementor-widget-image a img[src$=\".svg\"]{width:48px}.elementor-widget-image img{vertical-align:middle;display:inline-block}<\/style>\t\t\t\t\t\t\t\t\t\t\t\t<img decoding=\"async\" width=\"960\" height=\"640\" src=\"https:\/\/analugallotti.com.br\/wp-content\/uploads\/2023\/05\/DSC_2255.png\" class=\"attachment-large size-large wp-image-956\" alt=\"\" loading=\"lazy\" srcset=\"https:\/\/analugallotti.com.br\/wp-content\/uploads\/2023\/05\/DSC_2255.png 960w, https:\/\/analugallotti.com.br\/wp-content\/uploads\/2023\/05\/DSC_2255-300x200.png 300w, https:\/\/analugallotti.com.br\/wp-content\/uploads\/2023\/05\/DSC_2255-768x512.png 768w\" sizes=\"(max-width: 960px) 100vw, 960px\" \/>\t\t\t\t\t\t\t\t\t\t\t\t\t\t\t<\/div>\n\t\t\t\t<\/div>\n\t\t\t\t\t<\/div>\n\t\t<\/div>\n\t\t\t\t\t\t\t<\/div>\n\t\t<\/section>\n\t\t\t\t\t\t\t<\/div>\n\t\t","protected":false},"excerpt":{"rendered":"<p>Terapia com Adolescentes Durante a adolesc\u00eancia, os jovens enfrentam uma s\u00e9rie de desafios emocionais, como a press\u00e3o social, a busca pela identidade, as mudan\u00e7as f\u00edsicas e hormonais, al\u00e9m das preocupa\u00e7\u00f5es relacionadas \u00e0 escola, fam\u00edlia e futuro. Nesse sentido, a terapia torna-se uma ferramenta valiosa para auxiliar no desenvolvimento emocional e no enfrentamento dos obst\u00e1culos dessa &hellip;<\/p>\n<p class=\"read-more\"> <a class=\"\" href=\"https:\/\/analugallotti.com.br\/?page_id=910\"> <span class=\"screen-reader-text\">Terapia com Adolescentes<\/span> Leia mais &raquo;<\/a><\/p>\n","protected":false},"author":1,"featured_media":0,"parent":0,"menu_order":0,"comment_status":"closed","ping_status":"closed","template":"","meta":{"_uag_custom_page_level_css":"","site-sidebar-layout":"no-sidebar","site-content-layout":"page-builder","ast-global-header-display":"","ast-main-header-display":"","ast-hfb-above-header-display":"","ast-hfb-below-header-display":"","ast-hfb-mobile-header-display":"","site-post-title":"disabled","ast-breadcrumbs-content":"","ast-featured-img":"disabled","footer-sml-layout":"","theme-transparent-header-meta":"","adv-header-id-meta":"","stick-header-meta":"","header-above-stick-meta":"","header-main-stick-meta":"","header-below-stick-meta":""},"uagb_featured_image_src":{"full":false,"thumbnail":false,"medium":false,"medium_large":false,"large":false,"1536x1536":false,"2048x2048":false},"uagb_author_info":{"display_name":"mgsolucoescriativas@gmail.com","author_link":"https:\/\/analugallotti.com.br\/?author=1"},"uagb_comment_info":0,"uagb_excerpt":"Terapia com Adolescentes Durante a adolesc\u00eancia, os jovens enfrentam uma s\u00e9rie de desafios emocionais, como a press\u00e3o social, a busca pela identidade, as mudan\u00e7as f\u00edsicas e hormonais, al\u00e9m das preocupa\u00e7\u00f5es relacionadas \u00e0 escola, fam\u00edlia e futuro. Nesse sentido, a terapia torna-se uma ferramenta valiosa para auxiliar no desenvolvimento emocional e no enfrentamento dos obst\u00e1culos dessa&hellip;","_links":{"self":[{"href":"https:\/\/analugallotti.com.br\/index.php?rest_route=\/wp\/v2\/pages\/910"}],"collection":[{"href":"https:\/\/analugallotti.com.br\/index.php?rest_route=\/wp\/v2\/pages"}],"about":[{"href":"https:\/\/analugallotti.com.br\/index.php?rest_route=\/wp\/v2\/types\/page"}],"author":[{"embeddable":true,"href":"https:\/\/analugallotti.com.br\/index.php?rest_route=\/wp\/v2\/users\/1"}],"replies":[{"embeddable":true,"href":"https:\/\/analugallotti.com.br\/index.php?rest_route=%2Fwp%2Fv2%2Fcomments&post=910"}],"version-history":[{"count":7,"href":"https:\/\/analugallotti.com.br\/index.php?rest_route=\/wp\/v2\/pages\/910\/revisions"}],"predecessor-version":[{"id":983,"href":"https:\/\/analugallotti.com.br\/index.php?rest_route=\/wp\/v2\/pages\/910\/revisions\/983"}],"wp:attachment":[{"href":"https:\/\/analugallotti.com.br\/index.php?rest_route=%2Fwp%2Fv2%2Fmedia&parent=910"}],"curies":[{"name":"wp","href":"https:\/\/api.w.org\/{rel}","templated":true}]}}

<div data-elementor-type="wp-page" data-elementor-id="910" class="elementor elementor-910">
									<section class="elementor-section elementor-top-section elementor-element elementor-element-bea533e elementor-section-boxed elementor-section-height-default elementor-section-height-default" data-id="bea533e" data-element_type="section">
						<div class="elementor-container elementor-column-gap-default">
					<div class="elementor-column elementor-col-100 elementor-top-column elementor-element elementor-element-b5d979c" data-id="b5d979c" data-element_type="column">
			<div class="elementor-widget-wrap elementor-element-populated">
								<div class="elementor-element elementor-element-0670852 elementor-widget elementor-widget-heading" data-id="0670852" data-element_type="widget" data-widget_type="heading.default">
				<div class="elementor-widget-container">
			<style>/*! elementor - v3.12.1 - 02-04-2023 */
.elementor-heading-title{padding:0;margin:0;line-height:1}.elementor-widget-heading .elementor-heading-title[class*=elementor-size-]>a{color:inherit;font-size:inherit;line-height:inherit}.elementor-widget-heading .elementor-heading-title.elementor-size-small{font-size:15px}.elementor-widget-heading .elementor-heading-title.elementor-size-medium{font-size:19px}.elementor-widget-heading .elementor-heading-title.elementor-size-large{font-size:29px}.elementor-widget-heading .elementor-heading-title.elementor-size-xl{font-size:39px}.elementor-widget-heading .elementor-heading-title.elementor-size-xxl{font-size:59px}</style><h3 class="elementor-heading-title elementor-size-default">Terapia com Adolescentes</h3>		</div>
				</div>
					</div>
		</div>
							</div>
		</section>
				<section class="elementor-section elementor-top-section elementor-element elementor-element-798be38 elementor-section-boxed elementor-section-height-default elementor-section-height-default" data-id="798be38" data-element_type="section">
						<div class="elementor-container elementor-column-gap-default">
					<div class="elementor-column elementor-col-50 elementor-top-column elementor-element elementor-element-9144b9d" data-id="9144b9d" data-element_type="column">
			<div class="elementor-widget-wrap elementor-element-populated">
								<div class="elementor-element elementor-element-c59d569 elementor-widget elementor-widget-text-editor" data-id="c59d569" data-element_type="widget" data-widget_type="text-editor.default">
				<div class="elementor-widget-container">
			<style>/*! elementor - v3.12.1 - 02-04-2023 */
.elementor-widget-text-editor.elementor-drop-cap-view-stacked .elementor-drop-cap{background-color:#69727d;color:#fff}.elementor-widget-text-editor.elementor-drop-cap-view-framed .elementor-drop-cap{color:#69727d;border:3px solid;background-color:transparent}.elementor-widget-text-editor:not(.elementor-drop-cap-view-default) .elementor-drop-cap{margin-top:8px}.elementor-widget-text-editor:not(.elementor-drop-cap-view-default) .elementor-drop-cap-letter{width:1em;height:1em}.elementor-widget-text-editor .elementor-drop-cap{float:left;text-align:center;line-height:1;font-size:50px}.elementor-widget-text-editor .elementor-drop-cap-letter{display:inline-block}</style>				<p>Durante a adolescência, os jovens enfrentam uma série de desafios emocionais, como a pressão social, a busca pela identidade, as mudanças físicas e hormonais, além das preocupações relacionadas à escola, família e futuro. Nesse sentido, a terapia torna-se uma ferramenta valiosa para auxiliar no desenvolvimento emocional e no enfrentamento dos obstáculos dessa fase da vida. O terapeuta compreende as particularidades e as questões únicas enfrentadas pelos adolescentes, proporcionando um espaço seguro e confidencial para que eles possam expressar seus pensamentos, sentimentos e preocupações. </p><p>A terapia ajuda os adolescentes a desenvolver habilidades de autoconhecimento, a lidar com o estresse, a melhorar a autoestima e a construir relacionamentos saudáveis. Com o apoio adequado, os adolescentes podem encontrar caminhos positivos para o crescimento pessoal e emocional, construindo bases sólidas para um futuro promissor.</p>						</div>
				</div>
					</div>
		</div>
				<div class="elementor-column elementor-col-50 elementor-top-column elementor-element elementor-element-3abda2b" data-id="3abda2b" data-element_type="column">
			<div class="elementor-widget-wrap elementor-element-populated">
								<div class="elementor-element elementor-element-1f96b86 elementor-widget elementor-widget-image" data-id="1f96b86" data-element_type="widget" data-widget_type="image.default">
				<div class="elementor-widget-container">
			<style>/*! elementor - v3.12.1 - 02-04-2023 */
.elementor-widget-image{text-align:center}.elementor-widget-image a{display:inline-block}.elementor-widget-image a img[src$=".svg"]{width:48px}.elementor-widget-image img{vertical-align:middle;display:inline-block}</style>												<img decoding="async" width="960" height="640" src="https://analugallotti.com.br/wp-content/uploads/2023/05/DSC_2255.png" class="attachment-large size-large wp-image-956" alt="" loading="lazy" srcset="https://analugallotti.com.br/wp-content/uploads/2023/05/DSC_2255.png 960w, https://analugallotti.com.br/wp-content/uploads/2023/05/DSC_2255-300x200.png 300w, https://analugallotti.com.br/wp-content/uploads/2023/05/DSC_2255-768x512.png 768w" sizes="(max-width: 960px) 100vw, 960px" />															</div>
				</div>
					</div>
		</div>
							</div>
		</section>
							</div>

<p>Terapia com Adolescentes Durante a adolescência, os jovens enfrentam uma série de desafios emocionais, como a pressão social, a busca pela identidade, as mudanças físicas e hormonais, além das preocupações relacionadas à escola, família e futuro. Nesse sentido, a terapia torna-se uma ferramenta valiosa para auxiliar no desenvolvimento emocional e no enfrentamento dos obstáculos dessa &hellip;</p>
<p class="read-more"> <a class="" href="https://analugallotti.com.br/?page_id=910"> <span class="screen-reader-text">Terapia com Adolescentes</span> Leia mais &raquo;</a></p>

Terapia com Adolescentes Durante a adolescência, os jovens enfrentam uma série de desafios emocionais, como a pressão social, a busca pela identidade, as mudanças físicas e hormonais, além das preocupações relacionadas à escola, família e futuro. Nesse sentido, a terapia torna-se uma ferramenta valiosa para auxiliar no desenvolvimento emocional e no enfrentamento dos obstáculos dessa&hellip;
