{"id":911,"date":"2023-04-19T10:34:24","date_gmt":"2023-04-19T13:34:24","guid":{"rendered":"https:\/\/analugallotti.com.br\/?page_id=911"},"modified":"2023-05-31T08:03:52","modified_gmt":"2023-05-31T11:03:52","slug":"terapia-com-adultos","status":"publish","type":"page","link":"https:\/\/analugallotti.com.br\/?page_id=911","title":{"rendered":"Terapia com Adultos"},"content":{"rendered":"\t\t<div data-elementor-type=\"wp-page\" data-elementor-id=\"911\" class=\"elementor elementor-911\">\n\t\t\t\t\t\t\t\t\t<section class=\"elementor-section elementor-top-section elementor-element elementor-element-a7d3c49 elementor-section-boxed elementor-section-height-default elementor-section-height-default\" data-id=\"a7d3c49\" data-element_type=\"section\">\n\t\t\t\t\t\t<div class=\"elementor-container elementor-column-gap-default\">\n\t\t\t\t\t<div class=\"elementor-column elementor-col-100 elementor-top-column elementor-element elementor-element-90fb4aa\" data-id=\"90fb4aa\" data-element_type=\"column\">\n\t\t\t<div class=\"elementor-widget-wrap elementor-element-populated\">\n\t\t\t\t\t\t\t\t<div class=\"elementor-element elementor-element-eeb6813 elementor-widget elementor-widget-heading\" data-id=\"eeb6813\" data-element_type=\"widget\" data-widget_type=\"heading.default\">\n\t\t\t\t<div class=\"elementor-widget-container\">\n\t\t\t<style>\/*! elementor - v3.12.1 - 02-04-2023 *\/\n.elementor-heading-title{padding:0;margin:0;line-height:1}.elementor-widget-heading .elementor-heading-title[class*=elementor-size-]>a{color:inherit;font-size:inherit;line-height:inherit}.elementor-widget-heading .elementor-heading-title.elementor-size-small{font-size:15px}.elementor-widget-heading .elementor-heading-title.elementor-size-medium{font-size:19px}.elementor-widget-heading .elementor-heading-title.elementor-size-large{font-size:29px}.elementor-widget-heading .elementor-heading-title.elementor-size-xl{font-size:39px}.elementor-widget-heading .elementor-heading-title.elementor-size-xxl{font-size:59px}<\/style><h3 class=\"elementor-heading-title elementor-size-default\">Terapia com adultos<\/h3>\t\t<\/div>\n\t\t\t\t<\/div>\n\t\t\t\t\t<\/div>\n\t\t<\/div>\n\t\t\t\t\t\t\t<\/div>\n\t\t<\/section>\n\t\t\t\t<section class=\"elementor-section elementor-top-section elementor-element elementor-element-d60040b elementor-section-boxed elementor-section-height-default elementor-section-height-default\" data-id=\"d60040b\" data-element_type=\"section\">\n\t\t\t\t\t\t<div class=\"elementor-container elementor-column-gap-default\">\n\t\t\t\t\t<div class=\"elementor-column elementor-col-50 elementor-top-column elementor-element elementor-element-592c0cc\" data-id=\"592c0cc\" data-element_type=\"column\">\n\t\t\t<div class=\"elementor-widget-wrap elementor-element-populated\">\n\t\t\t\t\t\t\t\t<div class=\"elementor-element elementor-element-aea73a0 elementor-widget elementor-widget-text-editor\" data-id=\"aea73a0\" data-element_type=\"widget\" data-widget_type=\"text-editor.default\">\n\t\t\t\t<div class=\"elementor-widget-container\">\n\t\t\t<style>\/*! elementor - v3.12.1 - 02-04-2023 *\/\n.elementor-widget-text-editor.elementor-drop-cap-view-stacked .elementor-drop-cap{background-color:#69727d;color:#fff}.elementor-widget-text-editor.elementor-drop-cap-view-framed .elementor-drop-cap{color:#69727d;border:3px solid;background-color:transparent}.elementor-widget-text-editor:not(.elementor-drop-cap-view-default) .elementor-drop-cap{margin-top:8px}.elementor-widget-text-editor:not(.elementor-drop-cap-view-default) .elementor-drop-cap-letter{width:1em;height:1em}.elementor-widget-text-editor .elementor-drop-cap{float:left;text-align:center;line-height:1;font-size:50px}.elementor-widget-text-editor .elementor-drop-cap-letter{display:inline-block}<\/style>\t\t\t\t<p>A terapia com adultos \u00e9 um recurso fundamental para promover o bem-estar e o crescimento pessoal diante dos desafios complexos da vida adulta. Os adultos enfrentam uma s\u00e9rie de demandas e responsabilidades, como equilibrar carreira, criar filhos, cuidar da sa\u00fade e administrar relacionamentos. Nesse contexto, a terapia oferece um espa\u00e7o seguro e acolhedor para explorar essas diversas \u00e1reas da vida, lidar com o estresse, encontrar equil\u00edbrio e fortalecer a resili\u00eancia emocional.<\/p><p>Durante a terapia, o paciente aprender\u00e1 a desenvolver habilidades de gerenciamento, estabelecer limites saud\u00e1veis e buscar um maior autoconhecimento. Com o apoio terap\u00eautico adequado, os adultos podem encontrar maneiras eficazes de enfrentar os desafios da vida, alcan\u00e7ando uma maior satisfa\u00e7\u00e3o e qualidade de vida.<\/p>\t\t\t\t\t\t<\/div>\n\t\t\t\t<\/div>\n\t\t\t\t\t<\/div>\n\t\t<\/div>\n\t\t\t\t<div class=\"elementor-column elementor-col-50 elementor-top-column elementor-element elementor-element-9a11507\" data-id=\"9a11507\" data-element_type=\"column\">\n\t\t\t<div class=\"elementor-widget-wrap elementor-element-populated\">\n\t\t\t\t\t\t\t\t<div class=\"elementor-element elementor-element-41ece0c elementor-widget elementor-widget-image\" data-id=\"41ece0c\" data-element_type=\"widget\" data-widget_type=\"image.default\">\n\t\t\t\t<div class=\"elementor-widget-container\">\n\t\t\t<style>\/*! elementor - v3.12.1 - 02-04-2023 *\/\n.elementor-widget-image{text-align:center}.elementor-widget-image a{display:inline-block}.elementor-widget-image a img[src$=\".svg\"]{width:48px}.elementor-widget-image img{vertical-align:middle;display:inline-block}<\/style>\t\t\t\t\t\t\t\t\t\t\t\t<img decoding=\"async\" width=\"960\" height=\"640\" src=\"https:\/\/analugallotti.com.br\/wp-content\/uploads\/2023\/05\/DSC_2229.png\" class=\"attachment-large size-large wp-image-974\" alt=\"\" loading=\"lazy\" srcset=\"https:\/\/analugallotti.com.br\/wp-content\/uploads\/2023\/05\/DSC_2229.png 960w, https:\/\/analugallotti.com.br\/wp-content\/uploads\/2023\/05\/DSC_2229-300x200.png 300w, https:\/\/analugallotti.com.br\/wp-content\/uploads\/2023\/05\/DSC_2229-768x512.png 768w\" sizes=\"(max-width: 960px) 100vw, 960px\" \/>\t\t\t\t\t\t\t\t\t\t\t\t\t\t\t<\/div>\n\t\t\t\t<\/div>\n\t\t\t\t\t<\/div>\n\t\t<\/div>\n\t\t\t\t\t\t\t<\/div>\n\t\t<\/section>\n\t\t\t\t\t\t\t<\/div>\n\t\t","protected":false},"excerpt":{"rendered":"<p>Terapia com adultos A terapia com adultos \u00e9 um recurso fundamental para promover o bem-estar e o crescimento pessoal diante dos desafios complexos da vida adulta. Os adultos enfrentam uma s\u00e9rie de demandas e responsabilidades, como equilibrar carreira, criar filhos, cuidar da sa\u00fade e administrar relacionamentos. Nesse contexto, a terapia oferece um espa\u00e7o seguro e &hellip;<\/p>\n<p class=\"read-more\"> <a class=\"\" href=\"https:\/\/analugallotti.com.br\/?page_id=911\"> <span class=\"screen-reader-text\">Terapia com Adultos<\/span> Leia mais &raquo;<\/a><\/p>\n","protected":false},"author":1,"featured_media":0,"parent":0,"menu_order":0,"comment_status":"closed","ping_status":"closed","template":"","meta":{"_uag_custom_page_level_css":"","site-sidebar-layout":"no-sidebar","site-content-layout":"page-builder","ast-global-header-display":"","ast-main-header-display":"","ast-hfb-above-header-display":"","ast-hfb-below-header-display":"","ast-hfb-mobile-header-display":"","site-post-title":"disabled","ast-breadcrumbs-content":"","ast-featured-img":"disabled","footer-sml-layout":"","theme-transparent-header-meta":"","adv-header-id-meta":"","stick-header-meta":"","header-above-stick-meta":"","header-main-stick-meta":"","header-below-stick-meta":""},"uagb_featured_image_src":{"full":false,"thumbnail":false,"medium":false,"medium_large":false,"large":false,"1536x1536":false,"2048x2048":false},"uagb_author_info":{"display_name":"mgsolucoescriativas@gmail.com","author_link":"https:\/\/analugallotti.com.br\/?author=1"},"uagb_comment_info":0,"uagb_excerpt":"Terapia com adultos A terapia com adultos \u00e9 um recurso fundamental para promover o bem-estar e o crescimento pessoal diante dos desafios complexos da vida adulta. Os adultos enfrentam uma s\u00e9rie de demandas e responsabilidades, como equilibrar carreira, criar filhos, cuidar da sa\u00fade e administrar relacionamentos. Nesse contexto, a terapia oferece um espa\u00e7o seguro e&hellip;","_links":{"self":[{"href":"https:\/\/analugallotti.com.br\/index.php?rest_route=\/wp\/v2\/pages\/911"}],"collection":[{"href":"https:\/\/analugallotti.com.br\/index.php?rest_route=\/wp\/v2\/pages"}],"about":[{"href":"https:\/\/analugallotti.com.br\/index.php?rest_route=\/wp\/v2\/types\/page"}],"author":[{"embeddable":true,"href":"https:\/\/analugallotti.com.br\/index.php?rest_route=\/wp\/v2\/users\/1"}],"replies":[{"embeddable":true,"href":"https:\/\/analugallotti.com.br\/index.php?rest_route=%2Fwp%2Fv2%2Fcomments&post=911"}],"version-history":[{"count":7,"href":"https:\/\/analugallotti.com.br\/index.php?rest_route=\/wp\/v2\/pages\/911\/revisions"}],"predecessor-version":[{"id":986,"href":"https:\/\/analugallotti.com.br\/index.php?rest_route=\/wp\/v2\/pages\/911\/revisions\/986"}],"wp:attachment":[{"href":"https:\/\/analugallotti.com.br\/index.php?rest_route=%2Fwp%2Fv2%2Fmedia&parent=911"}],"curies":[{"name":"wp","href":"https:\/\/api.w.org\/{rel}","templated":true}]}}